-k**3 - 81*k**2 - 588*k - 15797. Give c(-76).
11
Let b(r) = 1190269*r - 14283220. What is b(12)?
8
Let i(z) = 70*z**3 + 483*z**2 - 29*z + 128. Determine i(-7).
-12
Let u(w) = -w**2 + 2505*w - 249680. What is u(104)?
24
Let a(b) = 51014*b - 204057. What is a(4)?
-1
Let u(a) = 34*a**2 - 945*a + 938. Give u(1).
27
Let z(o) = o**3 + 28*o**2 - 12*o - 1920. Calculate z(-10).
0
Let a(w) = -5*w**2 - 30*w + 2041. What is a(-16)?
1241
Let j(f) = -2*f**2 - 21*f + 273. Give j(11).
-200
Let z(t) = -2*t**3 + 40*t**2 - 8*t + 100. What is z(18)?
1252
Let t(g) = -8492*g - 68180. What is t(-8)?
-244
Let i(b) = -b**3 + 113*b**2 - 366*b + 118. Determine i(3).
10
Let h(l) = -4*l**2 + 84*l - 203. What is h(18)?
13
Let x(y) = 1177*y - 55313. What is x(47)?
6
Let h(i) = 114*i + 14701. What is h(-129)?
-5
Let q(v) = 305*v + 707. Give q(-4).
-513
Let m(t) = 2*t**2 + 37*t + 109. Calculate m(8).
533
Let f(i) = 7016*i + 884060. What is f(-126)?
44
Let w(g) = -4*g**2 + 238*g + 1296. Give w(51).
3030
Let p(v) = 929*v**2 - 14209*v + 4074. Calculate p(15).
-36
Let b(y) = -y**2 - 153686*y + 153685. Calculate b(1).
-2
Let a(s) = 25533*s + 510667. Calculate a(-20).
7
Let n(v) = -v**3 + 3*v**2 + 652*v - 1260. Calculate n(-25).
-60
Let g(i) = -51*i**2 - 2647*i - 29289. Give g(-16).
7
Let o(r) = r**3 + 1038*r**2 + 148261*r + 3464. What is o(-867)?
-4
Let p(w) = -w**2 - 2411*w + 19342. Determine p(8).
-10
Let u(s) = -3*s**3 - 14*s**2 + 38*s - 28. Determine u(-8).
308
Let a(h) = 3*h**3 - 419*h**2 + 394*h - 16171. Calculate a(139).
-47
Let k(d) = -5*d**2 - 641*d + 21972. What is k(34)?
-5602
Let u(q) = -2*q**3 + 8*q**2 - 411*q - 2247. Determine u(-5).
258
Let b(s) = -112*s**2 - 2656*s - 1. Calculate b(-24).
-769
Let s(h) = -8494*h - 41972. Give s(-5).
498
Let q(h) = h**3 - 331*h**2 + 4970*h + 207845. Calculate q(313).
13
Let d(u) = -5448*u - 55795. Give d(-10).
-1315
Let h(a) = 26*a**2 - 2049*a + 25909. Determine h(63).
16
Let q(m) = -7*m**2 + 217*m + 3468. Calculate q(-12).
-144
Let d(n) = -45*n**2 + 16309*n - 55277. Give d(359).
9
Let y(g) = -7331*g - 22001. Determine y(-3).
-8
Let r(l) = -l**3 - 69*l**2 - 60*l - 2364. Determine r(-69).
1776
Let p(g) = g**2 + 6727*g - 209432. What is p(31)?
66
Let s(d) = -d**2 - 2180*d - 169967. Calculate s(-81).
52
Let z(m) = m**3 - 406*m**2 - 1636*m + 2. What is z(-4)?
-14
Let l(t) = 24*t**2 - 26*t - 23. Calculate l(6).
685
Let v(u) = -9*u**3 + 1017*u**2 - 13968*u + 20. What is v(16)?
20
Let j(o) = 57020*o + 2166756. What is j(-38)?
-4
Let k(p) = 21012*p - 83890. Calculate k(4).
158
Let o(c) = c**3 + 38*c**2 + 6*c - 951. Give o(-37).
196
Let x(y) = 58*y**2 + 247*y - 1227. What is x(5)?
1458
Let t(q) = 354148*q + 5312231. Determine t(-15).
11
Let g(h) = -812281*h + 3249127. What is g(4)?
3
Let k(y) = -y**2 - 50*y + 7120. Determine k(63).
1
Let b(l) = 7013*l + 42105. What is b(-6)?
27
Let g(x) = 5870*x + 528189. Calculate g(-90).
-111
Let i(j) = 88*j + 2376. What is i(-28)?
-88
Let a(s) = -s**3 + 228*s**2 - 12853*s + 135. What is a(126)?
9
Let j(q) = q**3 - 243*q**2 + 2285*q - 434539. Determine j(241).
-16
Let g(f) = 7960*f + 167154. Calculate g(-21).
-6
Let s(j) = 12*j**2 - 10319*j + 41294. Determine s(4).
210
Let z(q) = 2*q**3 + 2*q**2 - 32*q - 99. Determine z(6).
213
Let v(y) = y**3 + 154*y**2 - 472*y + 354. Determine v(-157).
511
Let c(l) = 22*l**2 - 3376*l + 84415. What is c(122)?
-9
Let s(q) = -634*q + 22900. Determine s(44).
-4996
Let t(f) = 272*f**2 + 57933*f - 660. Determine t(-213).
-21
Let d(f) = -f**2 - 13067*f - 495107. Determine d(-38).
-5
Let l(g) = 32881*g + 493268. What is l(-15)?
53
Let r(y) = 68*y**3 + 2*y**2 - 12*y - 11. Give r(-1).
-65
Let p(f) = -f**2 + 24120*f - 168791. Calculate p(7).
0
Let h(p) = 7*p**2 - 5164*p + 50944. What is h(10)?
4
Let x(t) = -65*t**2 + 402*t + 2076. Determine x(-5).
-1559
Let j(g) = -7*g**3 - 26*g**2 + 949*g + 3762. Calculate j(-4).
-2
Let x(t) = 3312*t + 586203. What is x(-177)?
-21
Let n(c) = 800*c**3 - 75194*c**2 - 564*c - 7. Determine n(94).
-7
Let s(b) = b**3 + 162*b**2 + 132*b - 4679. What is s(-161)?
-10
Let v(x) = -4*x**3 - 22*x**2 - 41*x - 27. Determine v(-4).
41
Let c(x) = 130*x**2 + 31564*x - 6324. What is c(-243)?
-6
Let o(z) = z**2 + 21*z + 115. What is o(-13)?
11
Let r(s) = -26*s**2 - 49*s - 394. Give r(-5).
-799
Let l(y) = 1755*y**2 + 8796*y + 63. What is l(-5)?
-42
Let d(q) = 60*q**3 - 14*q**2 - 128*q + 142. Determine d(1).
60
Let d(q) = -2*q**2 - 3952*q - 132032. Calculate d(-34).
24
Let p(c) = 175*c**3 + 2276*c**2 + 239*c + 2943. What is p(-13)?
5
Let y(h) = -8817*h - 484931. Give y(-55).
4
Let g(t) = -2*t**3 - 107*t**2 - 192*t + 528. Calculate g(-51).
-2685
Let s(f) = f**3 - 42*f**2 - 579*f - 194. Calculate s(53).
18
Let v(i) = 35*i**3 + 8*i**2 + 19*i + 20. Determine v(-1).
-26
Let h(i) = -14*i**3 - 20*i**2 - 109*i + 8. Give h(0).
8
Let h(a) = 639*a + 13367. Calculate h(-21).
-52
Let m(n) = -n**3 - 119*n**2 - 1381*n - 330. What is m(-106)?
-12
Let k(u) = -418294*u - 5019579. Calculate k(-12).
-51
Let z(m) = -3*m**3 + 2192*m**2 + 1425*m - 507324. Calculate z(731).
-10
Let q(o) = 399*o**3 + 2*o**2 + 14*o - 17. What is q(1)?
398
Let q(k) = 870*k**2 + 5294*k + 90. Calculate q(-6).
-354
Let x(o) = -40*o**2 + 741*o + 23. What is x(19)?
-338
Let p(g) = g**2 - 10*g + 92. Give p(10).
92
Let x(j) = -376*j + 112. What is x(4)?
-1392
Let x(m) = 113499*m + 794493. Determine x(-7).
0
Let q(l) = 2*l**3 - 79*l**2 - 478*l + 11316. Determine q(42).
60
Let y(l) = -l**3 + 20*l**2 - 33*l + 154. What is y(18)?
208
Let l(h) = -2*h**3 + 549*h**2 + 864*h - 10109. Determine l(276).
-173
Let a(s) = -2*s**2 + 4619*s - 13587. What is a(3)?
252
Let h(t) = -42*t**2 - 27*t - 75. Calculate h(-2).
-189
Let b(g) = -15*g**2 - 54*g + 33399. Calculate b(-49).
30
Let a(g) = 23*g**3 - 73*g**2 + 4*g + 4. Determine a(3).
-20
Let p(v) = 2254*v + 173555. Give p(-77).
-3
Let x(q) = -79315*q + 20304638. Determine x(256).
-2
Let s(y) = -y**3 + 11*y**2 + 27*y + 17. Give s(0).
17
Let h(d) = -d**3 + 309*d**2 - 561*d + 367908. Calculate h(311).
-5
Let n(i) = i**2 - 204162*i + 1429105. Determine n(7).
20
Let o(p) = p**3 + 9*p**2 - 29*p - 148. What is o(-9)?
113
Let m(p) = 26*p - 310. Determine m(17).
132
Let t(o) = 632*o - 273. Give t(-2).
-1537
Let i(q) = -13728*q - 42407. Determine i(-3).
-1223
Let y(m) = 2*m**3 - 162*m**2 - 560*m + 45366. Give y(81).
6
Let t(g) = -3661*g - 281921. Calculate t(-77).
-24
Let m(r) = -4*r**3 + 113*r**2 - 546*r - 84. Give m(22).
4
Let d(z) = 49052*z - 294234. Calculate d(6).
78
Let y(h) = 792*h**2 - 6*h - 11. What is y(-1)?
787
Let q(b) = -25*b**3 + b**2 + 99*b + 194. Calculate q(-2).
200
Let s(t) = 1104*t + 995. What is s(-1)?
-109
Let p(v) = -2538*v - 7681. What is p(-3)?
-67
Let k(o) = -336*o**2 - 391*o - 7. Calculate k(-2).
-569
Let h(g) = -2*g**2 - 180*g - 4021. Calculate h(-43).
21
Let r(q) = 14978*q - 1677548. What is r(112)?
-12
Let x(u) = -17*u**2 + 1368*u + 11749. Determine x(-8).
-283
Let g(a) = -251*a + 39703. Determine g(159).
-206
Let x(q) = 2*q**3 + 76*q**2 - q + 108. Calculate x(0).
108
Let m(z) = -2*z**3 + 360*z**2 - 3355*z - 7642. What is m(170)?
8
Let j(g) = g**3 + 87*g**2 + 52*g + 836. What is j(-87)?
-3688
Let n(x) = x**2 - 138*x - 17411. Determine n(-80).
29
Let f(z) = -17*z**2 - 1658*z + 81686. Give f(36).
-34
Let x(f) = -f**3 + 24*f**2 + 106*f - 2563. What is x(24)?
-19
Let h(u) = -u**2 - 208*u + 21229. Give h(75).
4
Let d(m) = 2025*m + 26195. Calculate d(-13).
-130
Let z(u) = 1149*u - 498710. What is z(434)?
-44
Let x(l) = 2*l**2 + 375*l - 36044. Calculate x(70).
6
Let d(s) = 8*s**3 + 16*s**2 - 83*s - 343. Determine d(-5).
-528
Let u(l) = 312*l - 35866. Determine u(115).
14
Let n(z) = 3*z**3 + 409*z**2 - 381*z - 14651. Give n(-137).
8
Let g(n) = -555*n + 140429. Determine g(253).
14
Let k(h) = h**3 + 40*h**2 - 11*h + 373. Calculate k(0).
373
Let d(o) = o**2 + 108*o + 1449. Calculate d(-92).
-23
Let j(g) = 1433*g**2 + 117506*g - 64. Determine j(-82).
-64
Let d(n) = -n**3 + 170*n**2 - 4862*n + 1318. Give d(36).
-50
Let o(s) = 542*s + 148497. Determine o(-274).
-11
Let n(b) = -b**2 - 148*b + 181095. Calculate n(358).
-53
Let r(m) = 110*m**2 + 979*m - 6857. Give r(7).
5386
Let a(q) = 86*q**3 + 19*q**2 + 180*q - 370. Calculate a(2).
754
Let h(u) = -10929*u - 240481. Determine h